 1791. Give h(-14).
-155
Let t(c) = -9263431*c + 46317154. What is t(5)?
-1
Let z(a) = -2*a**2 - 88*a - 880. Determine z(-11).
-154
Let k(u) = -u**3 + 203*u**2 - 1174*u + 413. Determine k(197).
1989
Let i(r) = 887*r + 17006. Calculate i(-19).
153
Let t(n) = 7*n**2 - 663*n - 25415. Give t(124).
5
Let w(f) = -2*f**3 + 23*f**2 - 1700*f + 37712. Calculate w(19).
-3
Let m(a) = -128*a + 3137. What is m(22)?
321
Let q(w) = 8782*w - 43395. Determine q(5).
515
Let a(p) = -336*p**2 + 5831*p - 2021. What is a(17)?
2
Let k(r) = -911*r - 449112. Determine k(-493).
11
Let g(p) = -9*p**3 + 47*p**2 + 55*p - 80. What is g(6)?
-2
Let p(n) = -4*n**2 - 55*n - 186. Give p(-16).
-330
Let y(c) = c**3 - 7*c**2 - 158*c - 38. What is y(-9)?
88
Let u(v) = 585*v**2 - 4169*v + 505. Determine u(7).
-13
Let i(v) = 37*v**2 + 3347*v + 11. Determine i(-90).
-1519
Let b(x) = 2*x**2 - 68*x - 149. Give b(-6).
331
Let v(m) = m**2 + 139*m + 3565. Determine v(-93).
-713
Let z(s) = s**2 - 171*s - 2651. Determine z(185).
-61
Let n(v) = -2*v**2 - 3222*v + 85115. Calculate n(-1637).
-9
Let a(x) = 1279*x - 5896. Determine a(6).
1778
Let n(m) = 8*m**3 + 54*m**2 - 631*m - 4348. What is n(-7)?
-29
Let l(k) = -5*k**3 + 114*k**2 + 69*k - 1066. Calculate l(23).
-8
Let h(j) = -6*j**2 - 1040*j - 6236. Determine h(-6).
-212
Let l(t) = 592*t**2 + 21447*t + 4881. Give l(-36).
21
Let q(c) = -1269*c - 8815. What is q(-7)?
68
Let r(b) = 12*b**3 + 1306*b**2 - 221*b - 374. Determine r(-109).
-47
Let q(p) = -714*p - 164945. Give q(-231).
-11
Let f(r) = 28833*r + 230581. Determine f(-8).
-83
Let l(s) = -16231*s - 40285343. What is l(-2482)?
-1
Let j(u) = u**3 + 21*u**2 + 71*u + 1341. Give j(-25).
-2934
Let s(p) = -2004*p**2 + 393*p + 394. What is s(-1)?
-2003
Let m(y) = 7*y**2 + 972*y - 63039. Give m(-187).
-20
Let x(b) = -2*b**2 - 587*b - 39998. Calculate x(-186).
-8
Let n(u) = -42511*u - 170052. Calculate n(-4).
-8
Let l(r) = -453*r - 198028. Calculate l(-437).
-67
Let a(f) = -5*f**2 + 80*f - 73. Give a(26).
-1373
Let m(o) = o**3 + 85*o**2 + 1290*o - 3462. Determine m(-64).
-6
Let d(g) = -8*g**2 - 152*g - 990. Calculate d(-8).
-286
Let z(t) = 565*t + 4578. Determine z(-10).
-1072
Let n(r) = r**3 - 4*r**2 - 1106*r + 5500. Calculate n(5).
-5
Let b(u) = -6209*u - 1769551. Calculate b(-285).
14
Let p(m) = -4*m**2 + 201*m + 1765. Calculate p(-8).
-99
Let l(r) = -30507*r + 1403333. Determine l(46).
11
Let k(v) = 15*v**2 + 4047*v + 11186. Calculate k(-267).
-28
Let r(k) = k**3 + 56*k**2 + 522*k - 278. Give r(-44).
-14
Let x(k) = k**3 - k**2 - 506*k - 183. Determine x(22).
-1151
Let x(k) = -2105*k - 2102. What is x(-1)?
3
Let l(j) = 859*j**2 - 7474*j - 2367. Determine l(9).
-54
Let p(n) = 2*n**3 + 49*n**2 + 107*n + 696. What is p(-24)?
-1296
Let y(l) = 1942*l - 5793. Give y(3).
33
Let s(r) = 173*r - 1856. Calculate s(17).
1085
Let a(n) = -n**2 + 751*n - 10590. Calculate a(14).
-272
Let b(p) = p**3 + 25*p**2 + 254*p + 2715. Give b(-20).
-365
Let m(y) = 2*y**3 + 10*y**2 - 124. What is m(-8)?
-508
Let k(a) = 5*a**3 - 14*a**2 + 70*a - 131. What is k(2)?
-7
Let n(z) = z**3 - 251*z**2 + 2036*z - 30. Give n(9).
-1308
Let i(m) = 28*m**2 + 651*m - 93. Calculate i(-24).
411
Let v(i) = 32634*i + 2055942. What is v(-63)?
0
Let l(c) = c**3 + 157*c**2 - 1024*c - 7493. Give l(-163).
5
Let i(y) = 2267*y - 242619. Calculate i(107).
-50
Let p(n) = -6*n**2 - 297*n - 233. Calculate p(-50).
-383
Let v(n) = -955*n - 41073. Calculate v(-43).
-8
Let o(k) = 3*k**3 + 45*k**2 - 29*k - 1003. Give o(-14).
-9
Let o(u) = 2*u**3 - 855*u**2 - 140838*u + 614. Determine o(-127).
-21
Let s(q) = q**3 + 25*q**2 + 15121*q + 346729. What is s(-23)?
4
Let i(s) = s**3 - 318*s**2 + 1577*s - 4555. Calculate i(313).
-799
Let y(r) = -537*r + 5936. What is y(11)?
29
Let f(b) = b**2 - 194*b + 5449. Calculate f(156).
-479
Let r(m) = -103*m - 7117. Give r(-71).
196
Let b(l) = 76*l + 8991. What is b(-128)?
-737
Let r(t) = t**3 - 35*t**2 + 246*t + 155. Calculate r(25).
55
Let x(f) = -11*f**3 - 1152*f**2 + 314*f - 147. Give x(-105).
-42
Let u(n) = -n**3 - 9*n**2 - 3035*n - 21220. Give u(-7).
-73
Let y(s) = 5861*s - 3323188. Determine y(567).
-1
Let r(d) = 2580134*d - 12900669. What is r(5)?
1
Let a(m) = 36*m**2 + 5150*m + 322. What is a(-143)?
36
Let t(m) = -31*m**2 + 421*m - 982. Calculate t(3).
2
Let g(m) = -m**3 - 83*m**2 - 104*m + 4695. Determine g(-81).
-3
Let v(d) = -14866*d + 89086. What is v(6)?
-110
Let f(j) = -969*j + 22833. Calculate f(23).
546
Let y(n) = 4536*n + 158. Calculate y(0).
158
Let b(h) = 206*h**3 - h**2 - 9*h + 9. Calculate b(1).
205
Let t(p) = -16993*p - 152522. What is t(-9)?
415
Let p(s) = -s**2 + 215*s - 5214. Calculate p(28).
22
Let j(x) = 3*x**2 + 46*x - 373. Give j(-19).
-164
Let z(x) = -x**2 - 6260*x - 93907. What is z(-15)?
-232
Let u(y) = 4*y**3 - 192*y**2 + 17*y - 813. What is u(48)?
3
Let p(x) = -x**3 - 4*x**2 + 889*x - 218. Give p(-32).
6
Let g(j) = j**2 - 476*j + 8686. Give g(19).
3
Let i(l) = 3*l**2 - 190*l - 1735. What is i(-10)?
465
Let o(a) = -4*a**3 + 2*a**2 - 12*a + 2. What is o(-3)?
164
Let i(s) = -20*s**2 + 12*s + 399. What is i(-6)?
-393
Let g(c) = -7*c**2 + 5697*c - 39708. What is g(7)?
-172
Let f(c) = -16621*c + 83084. Give f(5).
-21
Let j(w) = 36*w - 91. Give j(-18).
-739
Let s(a) = -845*a + 2296. Give s(4).
-1084
Let r(k) = -333*k - 11578. Give r(-39).
1409
Let k(x) = -x**3 - 30*x**2 - 94*x - 1978. Determine k(-29).
-93
Let r(o) = -12614*o + 263807. What is r(21)?
-1087
Let l(v) = -7*v**3 + 6*v**2 - 506*v - 4224. Calculate l(-8).
3792
Let i(d) = 276*d**2 - 40968*d + 17761. Calculate i(148).
1
Let j(l) = -1167*l + 3339. Give j(3).
-162
Let f(r) = 2*r**2 + 744*r - 1492. Determine f(2).
4
Let h(g) = -29*g**2 + 183*g - 767. Give h(7).
-907
Let m(g) = g**3 - 34*g**2 - 429*g + 111. Determine m(-10).
1
Let b(n) = 713011*n - 2139041. What is b(3)?
-8
Let q(y) = 298779*y - 4182909. Determine q(14).
-3
Let j(o) = 230365*o - 2994698. Calculate j(13).
47
Let b(y) = -7659*y + 7451. Determine b(1).
-208
Let g(u) = u**3 - 76*u**2 + 1131*u - 4066. Determine g(13).
-10
Let v(x) = -2*x**3 + 327*x**2 - 181*x + 2746. Calculate v(163).
-188
Let x(b) = 10*b**2 + 219*b - 383. Calculate x(-21).
-572
Let h(r) = -5771*r - 109654. Calculate h(-19).
-5
Let b(l) = -337*l + 14857. Determine b(37).
2388
Let o(g) = -g**3 - 222*g**2 + 9571*g + 447. Determine o(37).
3
Let h(l) = -l**2 + 514*l - 31506. Give h(71).
-53
Let a(k) = 208*k**2 - 26*k + 196. Calculate a(0).
196
Let k(s) = -11*s - 266. Calculate k(23).
-519
Let y(z) = z**3 + 17*z**2 - 1111*z - 21017. Calculate y(-20).
3
Let g(s) = 541*s**2 + 32459*s - 129. Calculate g(-60).
-69
Let l(c) = 9*c**3 - 17*c**2 + 100*c + 609. What is l(-4)?
-639
Let y(d) = -2*d**3 - 33*d**2 - 75*d - 41. Calculate y(-14).
29
Let b(o) = -8*o**2 - 641*o + 1211. Determine b(2).
-103
Let v(x) = 1342*x - 1430. Give v(1).
-88
Let z(k) = -115*k**2 - 1325*k - 78. Determine z(-12).
-738
Let k(y) = -y**3 + 41*y**2 + 10872*y + 6350. Calculate k(127).
0
Let p(l) = -9232*l + 313863. Determine p(34).
-25
Let d(f) = -127*f - 785. Calculate d(-7).
104
Let g(a) = 3*a**3 - 49*a**2 + 91*a + 95. What is g(14)?
-3
Let n(i) = -i**3 + 120*i**2 - 201*i - 3956. Give n(118).
174
Let s(x) = 621*x**2 + 1254*x + 4. Give s(-2).
-20
Let a(s) = -4220*s + 38021. What is a(9)?
41
Let y(l) = -109*l - 12656. Calculate y(-116).
-12
Let a(g) = -g**2 - 526*g - 24264. Give a(-475).
-39
Let i(r) = 4*r**2 - 27502*r + 274779. Calculate i(10).
159
Let a(w) = 1477*w - 400079. What is a(271)?
188
Let p(z) = -6*z**3 - 172*z**2 - 808*z - 18. Calculate p(-23).
580
Let n(p) = -p**3 - 731*p**2 + 14254*p - 100. Calculate n(19).
-24
Let t(x) = 81*x**3 + 498*x**2 - 279*x - 2107. Determine t(-6).
-1
Let g(z) = 1143*z + 6940. Determine g(-6).
82
Let f(z) = 2*z**3 + 26*z**2 - 112*z + 32. Calculate f(4).
128
Let b(y) = 43*y**3 + 258*y**2 + 67*y + 406. Calculate b(-6).
4
Let p(n) = n**2 + 305*n + 18142. Determine p(-226).
288
Let x(b) = 1023*b - 26074. What is x(25)?
-499
Let x(j) = -2*j**2 - 72110*j - 13. Give x(0).
-13
Let m(a) = 299853*a + 6896688. What is m(-23)?
69
Let m(g) = 6*g**3 + 1839*g**2 + 891*g - 8259. Calculate m(-306).
3
Let l(p) = p**2 + 260*p + 16582. Determine l(-148).
6
Let f(d) = 283*d + 37340. What is f(-132)?
-16
Let d(a) = -10*a**2 - 201*a + 2